{"id":1721,"date":"2020-09-15T12:45:50","date_gmt":"2020-09-15T12:45:50","guid":{"rendered":"https:\/\/www.pflegeexperten-wissen.de\/wp\/?page_id=1721"},"modified":"2020-10-21T06:23:59","modified_gmt":"2020-10-21T06:23:59","slug":"seminare-co","status":"publish","type":"page","link":"https:\/\/www.pflegeexperten-wissen.de\/index.php\/seminare-co\/","title":{"rendered":"SEMINARE &#038; CO."},"content":{"rendered":"<div data-colibri-id=\"1721-c1\" class=\"style-569 style-local-1721-c1 position-relative\">\n  <!---->\n  <div data-colibri-component=\"section\" data-colibri-id=\"1721-c2\" id=\"custom\" class=\"h-section h-section-global-spacing d-flex align-items-lg-center align-items-md-center align-items-center style-570 style-local-1721-c2 position-relative\">\n    <!---->\n    <!---->\n    <div class=\"h-section-grid-container h-section-boxed-container\">\n      <!---->\n      <div data-colibri-id=\"1721-c3\" class=\"h-row-container gutters-row-lg-2 gutters-row-md-2 gutters-row-0 gutters-row-v-lg-2 gutters-row-v-md-2 gutters-row-v-2 style-574 style-local-1721-c3 position-relative\">\n        <!---->\n        <div class=\"h-row justify-content-lg-center justify-content-md-center justify-content-center align-items-lg-stretch align-items-md-stretch align-items-stretch gutters-col-lg-2 gutters-col-md-2 gutters-col-0 gutters-col-v-lg-2 gutters-col-v-md-2 gutters-col-v-2\">\n          <!---->\n          <div class=\"h-column h-column-container d-flex h-col-lg-auto h-col-md-auto h-col-auto style-575-outer style-local-1721-c4-outer\">\n            <div data-colibri-id=\"1721-c4\" class=\"d-flex h-flex-basis h-column__inner h-px-lg-2 h-px-md-2 h-px-2 v-inner-lg-2 v-inner-md-2 v-inner-2 style-575 style-local-1721-c4 position-relative\">\n              <!---->\n              <!---->\n              <div class=\"w-100 h-y-container h-column__content h-column__v-align flex-basis-100 align-self-lg-start align-self-md-start align-self-start\">\n                <!---->\n                <div data-colibri-id=\"1721-c5\" class=\"h-text h-text-component style-576 style-local-1721-c5 position-relative h-element\">\n                  <!---->\n                  <!---->\n                  <div class=\"\">\n                    <p><span style=\"color: rgb(0, 101, 170);\">SEMINARE UND DIENSTLEISTUNGEN<\/span><\/p>\n                  <\/div>\n                <\/div>\n              <\/div>\n            <\/div>\n          <\/div>\n        <\/div>\n      <\/div>\n      <div data-colibri-id=\"1721-c6\" class=\"h-row-container gutters-row-lg-2 gutters-row-md-2 gutters-row-0 gutters-row-v-lg-2 gutters-row-v-md-2 gutters-row-v-2 style-581 style-local-1721-c6 position-relative\">\n        <!---->\n        <div class=\"h-row justify-content-lg-center justify-content-md-center justify-content-center align-items-lg-stretch align-items-md-stretch align-items-stretch gutters-col-lg-2 gutters-col-md-2 gutters-col-0 gutters-col-v-lg-2 gutters-col-v-md-2 gutters-col-v-2\">\n          <!---->\n          <div class=\"h-column h-column-container d-flex h-col-lg-auto h-col-md-auto h-col-auto style-582-outer style-local-1721-c7-outer\">\n            <div data-colibri-id=\"1721-c7\" class=\"d-flex h-flex-basis h-column__inner h-px-lg-2 h-px-md-2 h-px-2 v-inner-lg-2 v-inner-md-2 v-inner-2 style-582 style-local-1721-c7 position-relative\">\n              <!---->\n              <!---->\n              <div class=\"w-100 h-y-container h-column__content h-column__v-align flex-basis-100 align-self-lg-start align-self-md-start align-self-start\">\n                <!---->\n                <div data-colibri-id=\"1721-c8\" class=\"h-text h-text-component style-583 style-local-1721-c8 position-relative h-element\">\n                  <!---->\n                  <!---->\n                  <div class=\"\">\n                    <p><span style=\"color: rgb(0, 101, 170);\">Wir sind Beide als freiberufliche und selbst\u00e4ndige Berater und Dozenten t\u00e4tig. Unser Angebot umfasst Fachvortr\u00e4ge, Tagesschulungen und mehrt\u00e4gige Seminare in unseren Themenbereichen. Wir sind als Berater in der Gestaltung und Entwicklung von Projekten t\u00e4tig.<\/span><\/p>\n                  <\/div>\n                <\/div>\n              <\/div>\n            <\/div>\n          <\/div>\n        <\/div>\n      <\/div>\n      <div data-colibri-id=\"1721-c9\" class=\"h-row-container gutters-row-lg-2 gutters-row-md-2 gutters-row-0 gutters-row-v-lg-2 gutters-row-v-md-2 gutters-row-v-2 style-571 style-local-1721-c9 position-relative\">\n        <!---->\n        <div class=\"h-row justify-content-lg-center justify-content-md-center justify-content-center align-items-lg-stretch align-items-md-stretch align-items-stretch gutters-col-lg-2 gutters-col-md-2 gutters-col-0 gutters-col-v-lg-2 gutters-col-v-md-2 gutters-col-v-2\">\n          <!---->\n          <div class=\"h-column h-column-container d-flex h-col-lg-auto h-col-md-auto h-col-auto style-572-outer style-local-1721-c10-outer\">\n            <div data-colibri-id=\"1721-c10\" class=\"d-flex h-flex-basis h-column__inner h-px-lg-2 h-px-md-2 h-px-2 v-inner-lg-2 v-inner-md-2 v-inner-2 style-572 style-local-1721-c10 position-relative\">\n              <!---->\n              <!---->\n              <div class=\"w-100 h-y-container h-column__content h-column__v-align flex-basis-100 align-self-lg-start align-self-md-start align-self-start\">\n                <!---->\n                <div data-colibri-id=\"1721-c11\" class=\"d-block style-577 style-local-1721-c11 position-relative h-element\">\n                  <!---->\n                  <div class=\"h-image__frame-container-outer\">\n                    <div class=\"h-image__frame-container\">\n                      <!---->\n                      <!---->\n                      <img loading=\"lazy\" decoding=\"async\" width=\"180\" height=\"252\" src=\"https:\/\/www.pflegeexperten-wissen.de\/wp-content\/uploads\/2020\/09\/Werner_klein.jpeg\" class=\"wp-image-1464 style-577-image style-local-1721-c11-image\" alt=\"\" \/>\n                      <div class=\"h-image__frame h-hide-lg h-hide-md h-hide-sm style-577-frameImage style-local-1721-c11-frameImage\"><\/div>\n                    <\/div>\n                  <\/div>\n                <\/div>\n                <div data-colibri-id=\"1721-c12\" class=\"h-text h-text-component style-579 style-local-1721-c12 position-relative h-element\">\n                  <!---->\n                  <!---->\n                  <div class=\"\">\n                    <p><span style=\"color: rgb(0, 101, 170); font-weight: 600;\">WERNER DROSTE&nbsp;<\/span><\/p>\n                    <p><span style=\"color: rgb(0, 101, 170);\">Aktuelle Anforderungen des Gesundheitsmarktes f\u00fcr Pflegeexperten in der ambulanten und station\u00e4ren Hilfsmittelversorgung<\/span><\/p>\n                    <p><span style=\"color: rgb(0, 101, 170);\"> <\/span><\/p>\n                    <p><em style=\"color: rgb(0, 101, 170);\">\u2022 Personelle, strukturelle und prozessuale Qualit\u00e4tsanforderungen in aktuellen Leistungsvertr\u00e4gen der gesetzlichen Krankenkassen<\/em><em style=\"font-size: 16px; font-family: &quot;Open Sans&quot;; color: rgb(0, 101, 170);\"><br>\u2022&nbsp;<\/em>\n                      <em\n                        style=\"color: rgb(0, 101, 170);\">M\u00f6glichkeiten und Grenzen einer Sektoren\u00fcbergreifenden Patientenversorgung<\/em><em style=\"font-size: 16px; font-family: &quot;Open Sans&quot;; color: rgb(0, 101, 170);\"><br>\u2022&nbsp;<\/em><em style=\"color: rgb(0, 101, 170);\">Kooperationsmodelle zwischen zertifizierten Darmkrebszentren und Homecare-Unternehmen<\/em><\/p>\n                    <p><span style=\"color: rgb(0, 101, 170);\"> <\/span><\/p>\n                    <p><span style=\"color: rgb(0, 101, 170);\">Aufgaben der Pflegeexperten in der Therapie und Pflege von Menschen mit Wundheilungsst\u00f6rungen<\/span><\/p>\n                    <p><span style=\"color: rgb(0, 101, 170);\"> <\/span><\/p>\n                    <p><span style=\"color: rgb(0, 101, 170);\">Ganzheitliche Rehabilitation stomabetroffener Menschen durch moderne Stomatherapie in Klinik und Nachsorge<\/span><\/p>\n                    <p><span style=\"color: rgb(0, 101, 170);\"> <\/span><\/p>\n                    <p><span style=\"color: rgb(0, 101, 170);\">Bedarfsorientierte Pflege und Versorgung von Menschen mit Kontinenzst\u00f6rungen<\/span><\/p>\n                  <\/div>\n                <\/div>\n              <\/div>\n            <\/div>\n          <\/div>\n          <div class=\"h-column h-column-container d-flex h-col-lg-auto h-col-md-auto h-col-auto style-573-outer style-local-1721-c13-outer\">\n            <div data-colibri-id=\"1721-c13\" class=\"d-flex h-flex-basis h-column__inner h-px-lg-2 h-px-md-2 h-px-2 v-inner-lg-2 v-inner-md-2 v-inner-2 style-573 style-local-1721-c13 position-relative\">\n              <!---->\n              <!---->\n              <div class=\"w-100 h-y-container h-column__content h-column__v-align flex-basis-100 align-self-lg-start align-self-md-start align-self-start\">\n                <!---->\n                <div data-colibri-id=\"1721-c14\" class=\"d-block style-578 style-local-1721-c14 position-relative h-element\">\n                  <!---->\n                  <div class=\"h-image__frame-container-outer\">\n                    <div class=\"h-image__frame-container\">\n                      <!---->\n                      <!---->\n                      <img loading=\"lazy\" decoding=\"async\" width=\"180\" height=\"252\" src=\"https:\/\/www.pflegeexperten-wissen.de\/wp-content\/uploads\/2020\/09\/Brigitte_klein.jpeg\" class=\"wp-image-1465 style-578-image style-local-1721-c14-image\" alt=\"\" \/>\n                      <div class=\"h-image__frame h-hide-lg h-hide-md h-hide-sm style-578-frameImage style-local-1721-c14-frameImage\"><\/div>\n                    <\/div>\n                  <\/div>\n                <\/div>\n                <div data-colibri-id=\"1721-c15\" class=\"h-text h-text-component style-580 style-local-1721-c15 position-relative h-element\">\n                  <!---->\n                  <!---->\n                  <div class=\"\">\n                    <p><span style=\"font-weight: 600; color: rgb(0, 101, 170);\">BRIGITTE LINDHOLZ<\/span><\/p>\n                    <p><span style=\"color: rgb(0, 101, 170);\">Themenbereiche<\/span><\/p>\n                    <p><em style=\"color: rgb(0, 101, 170);\">\u2022&nbsp;Hygiene in Einrichtungen der Pflege<br>\u2022&nbsp;Kontinenzf\u00f6rderung<br>\u2022&nbsp;Wundversorgung<br>\u2022&nbsp;Hautpflege<br>\u2022&nbsp;Umsetzung der Nationalen Expertenstandards<br>\u2022&nbsp;Kontrakturenprophylaxe<br>\u2022&nbsp;Schmerzmanagement<br>\u2022&nbsp;Sch\u00fcleranleitung und Qualifizierung der Praxisanleiter, Praxisanleiter-Refresher<br>\u2022&nbsp;Weitere Pflegethemen auf Anfrage<\/em><\/p>\n                    <p><span style=\"color: rgb(0, 101, 170);\">Erstellung von Hygienekonzepten f\u00fcr Einrichtungen der Altenpflege<\/span><\/p>\n                    <p><span style=\"color: rgb(0, 101, 170);\">Redaktionelle Betreuung von Fachzeitschriften<\/span><\/p>\n                    <p><span style=\"color: rgb(0, 101, 170);\">Ver\u00f6ffentlichung von Fachbeitr\u00e4gen in Fachmagazinen und B\u00fcchern<\/span><\/p>\n                    <p><span style=\"color: rgb(0, 101, 170);\">Stresspr\u00e4vention durch Achtsamkeit \u2013 MBSR nach Jon Kabat-Zinn (<\/span>\n                      <a href=\"https:\/\/www.my-auszeit.net\" target=\"_blank\" style=\"color: rgb(0, 101, 170);\" class=\"customize-unpreviewable\" rel=\"noopener noreferrer\">my-auszeit.net<\/a><span style=\"color: rgb(0, 101, 170);\">)<\/span><\/p>\n                    <p><em style=\"color: rgb(0, 101, 170); font-size: 16px; font-family: &quot;Open Sans&quot;;\">\u2022&nbsp;<\/em><span style=\"color: rgb(0, 101, 170);\">Yogakurse<\/span><em style=\"color: rgb(0, 101, 170); font-size: 16px; font-family: &quot;Open Sans&quot;;\"><br>\u2022&nbsp;<\/em>\n                      <span\n                        style=\"color: rgb(0, 101, 170);\">8-Wochen-Kurs<\/span><em style=\"color: rgb(0, 101, 170); font-size: 16px; font-family: &quot;Open Sans&quot;;\"><br>\u2022&nbsp;<\/em><span style=\"color: rgb(0, 101, 170);\">Achtsamkeitstage<\/span><\/p>\n                  <\/div>\n                <\/div>\n              <\/div>\n            <\/div>\n          <\/div>\n        <\/div>\n      <\/div>\n    <\/div>\n  <\/div>\n<\/div>","protected":false},"excerpt":{"rendered":"<p>SEMINARE UND DIENSTLEISTUNGEN Wir sind Beide als freiberufliche und selbst\u00e4ndige Berater und Dozenten t\u00e4tig. Unser Angebot umfasst Fachvortr\u00e4ge, Tagesschulungen und mehrt\u00e4gige Seminare in unseren Themenbereichen. Wir sind als Berater in der Gestaltung und Entwicklung von Projekten t\u00e4tig. WERNER DROSTE&nbsp; Aktuelle Anforderungen des Gesundheitsmarktes f\u00fcr Pflegeexperten in der ambulanten und station\u00e4ren Hilfsmittelversorgung \u2022 Personelle, strukturelle und [&hellip;]<\/p>\n","protected":false},"author":1,"featured_media":0,"parent":0,"menu_order":0,"comment_status":"closed","ping_status":"closed","template":"page-templates\/full-width-page.php","meta":{"footnotes":""},"_links":{"self":[{"href":"https:\/\/www.pflegeexperten-wissen.de\/index.php\/wp-json\/wp\/v2\/pages\/1721"}],"collection":[{"href":"https:\/\/www.pflegeexperten-wissen.de\/index.php\/wp-json\/wp\/v2\/pages"}],"about":[{"href":"https:\/\/www.pflegeexperten-wissen.de\/index.php\/wp-json\/wp\/v2\/types\/page"}],"author":[{"embeddable":true,"href":"https:\/\/www.pflegeexperten-wissen.de\/index.php\/wp-json\/wp\/v2\/users\/1"}],"replies":[{"embeddable":true,"href":"https:\/\/www.pflegeexperten-wissen.de\/index.php\/wp-json\/wp\/v2\/comments?post=1721"}],"version-history":[{"count":16,"href":"https:\/\/www.pflegeexperten-wissen.de\/index.php\/wp-json\/wp\/v2\/pages\/1721\/revisions"}],"predecessor-version":[{"id":2330,"href":"https:\/\/www.pflegeexperten-wissen.de\/index.php\/wp-json\/wp\/v2\/pages\/1721\/revisions\/2330"}],"wp:attachment":[{"href":"https:\/\/www.pflegeexperten-wissen.de\/index.php\/wp-json\/wp\/v2\/media?parent=1721"}],"curies":[{"name":"wp","href":"https:\/\/api.w.org\/{rel}","templated":true}]}}

<div data-colibri-id="1721-c1" class="style-569 style-local-1721-c1 position-relative">
  <!---->
  <div data-colibri-component="section" data-colibri-id="1721-c2" id="custom" class="h-section h-section-global-spacing d-flex align-items-lg-center align-items-md-center align-items-center style-570 style-local-1721-c2 position-relative">
    <!---->
    <!---->
    <div class="h-section-grid-container h-section-boxed-container">
      <!---->
      <div data-colibri-id="1721-c3" class="h-row-container gutters-row-lg-2 gutters-row-md-2 gutters-row-0 gutters-row-v-lg-2 gutters-row-v-md-2 gutters-row-v-2 style-574 style-local-1721-c3 position-relative">
        <!---->
        <div class="h-row justify-content-lg-center justify-content-md-center justify-content-center align-items-lg-stretch align-items-md-stretch align-items-stretch gutters-col-lg-2 gutters-col-md-2 gutters-col-0 gutters-col-v-lg-2 gutters-col-v-md-2 gutters-col-v-2">
          <!---->
          <div class="h-column h-column-container d-flex h-col-lg-auto h-col-md-auto h-col-auto style-575-outer style-local-1721-c4-outer">
            <div data-colibri-id="1721-c4" class="d-flex h-flex-basis h-column__inner h-px-lg-2 h-px-md-2 h-px-2 v-inner-lg-2 v-inner-md-2 v-inner-2 style-575 style-local-1721-c4 position-relative">
              <!---->
              <!---->
              <div class="w-100 h-y-container h-column__content h-column__v-align flex-basis-100 align-self-lg-start align-self-md-start align-self-start">
                <!---->
                <div data-colibri-id="1721-c5" class="h-text h-text-component style-576 style-local-1721-c5 position-relative h-element">
                  <!---->
                  <!---->
                  <div class="">
                    <p><span style="color: rgb(0, 101, 170);">SEMINARE UND DIENSTLEISTUNGEN</span></p>
                  </div>
                </div>
              </div>
            </div>
          </div>
        </div>
      </div>
      <div data-colibri-id="1721-c6" class="h-row-container gutters-row-lg-2 gutters-row-md-2 gutters-row-0 gutters-row-v-lg-2 gutters-row-v-md-2 gutters-row-v-2 style-581 style-local-1721-c6 position-relative">
        <!---->
        <div class="h-row justify-content-lg-center justify-content-md-center justify-content-center align-items-lg-stretch align-items-md-stretch align-items-stretch gutters-col-lg-2 gutters-col-md-2 gutters-col-0 gutters-col-v-lg-2 gutters-col-v-md-2 gutters-col-v-2">
          <!---->
          <div class="h-column h-column-container d-flex h-col-lg-auto h-col-md-auto h-col-auto style-582-outer style-local-1721-c7-outer">
            <div data-colibri-id="1721-c7" class="d-flex h-flex-basis h-column__inner h-px-lg-2 h-px-md-2 h-px-2 v-inner-lg-2 v-inner-md-2 v-inner-2 style-582 style-local-1721-c7 position-relative">
              <!---->
              <!---->
              <div class="w-100 h-y-container h-column__content h-column__v-align flex-basis-100 align-self-lg-start align-self-md-start align-self-start">
                <!---->
                <div data-colibri-id="1721-c8" class="h-text h-text-component style-583 style-local-1721-c8 position-relative h-element">
                  <!---->
                  <!---->
                  <div class="">
                    <p><span style="color: rgb(0, 101, 170);">Wir sind Beide als freiberufliche und selbständige Berater und Dozenten tätig. Unser Angebot umfasst Fachvorträge, Tagesschulungen und mehrtägige Seminare in unseren Themenbereichen. Wir sind als Berater in der Gestaltung und Entwicklung von Projekten tätig.</span></p>
                  </div>
                </div>
              </div>
            </div>
          </div>
        </div>
      </div>
      <div data-colibri-id="1721-c9" class="h-row-container gutters-row-lg-2 gutters-row-md-2 gutters-row-0 gutters-row-v-lg-2 gutters-row-v-md-2 gutters-row-v-2 style-571 style-local-1721-c9 position-relative">
        <!---->
        <div class="h-row justify-content-lg-center justify-content-md-center justify-content-center align-items-lg-stretch align-items-md-stretch align-items-stretch gutters-col-lg-2 gutters-col-md-2 gutters-col-0 gutters-col-v-lg-2 gutters-col-v-md-2 gutters-col-v-2">
          <!---->
          <div class="h-column h-column-container d-flex h-col-lg-auto h-col-md-auto h-col-auto style-572-outer style-local-1721-c10-outer">
            <div data-colibri-id="1721-c10" class="d-flex h-flex-basis h-column__inner h-px-lg-2 h-px-md-2 h-px-2 v-inner-lg-2 v-inner-md-2 v-inner-2 style-572 style-local-1721-c10 position-relative">
              <!---->
              <!---->
              <div class="w-100 h-y-container h-column__content h-column__v-align flex-basis-100 align-self-lg-start align-self-md-start align-self-start">
                <!---->
                <div data-colibri-id="1721-c11" class="d-block style-577 style-local-1721-c11 position-relative h-element">
                  <!---->
                  <div class="h-image__frame-container-outer">
                    <div class="h-image__frame-container">
                      <!---->
                      <!---->
                      <img loading="lazy" decoding="async" width="180" height="252" src="https://www.pflegeexperten-wissen.de/wp-content/uploads/2020/09/Werner_klein.jpeg" class="wp-image-1464 style-577-image style-local-1721-c11-image" alt="" />
                      <div class="h-image__frame h-hide-lg h-hide-md h-hide-sm style-577-frameImage style-local-1721-c11-frameImage"></div>
                    </div>
                  </div>
                </div>
                <div data-colibri-id="1721-c12" class="h-text h-text-component style-579 style-local-1721-c12 position-relative h-element">
                  <!---->
                  <!---->
                  <div class="">
                    <p><span style="color: rgb(0, 101, 170); font-weight: 600;">WERNER DROSTE&nbsp;</span></p>
                    <p><span style="color: rgb(0, 101, 170);">Aktuelle Anforderungen des Gesundheitsmarktes für Pflegeexperten in der ambulanten und stationären Hilfsmittelversorgung</span></p>
                    <p><span style="color: rgb(0, 101, 170);"> </span></p>
                    <p><em style="color: rgb(0, 101, 170);">• Personelle, strukturelle und prozessuale Qualitätsanforderungen in aktuellen Leistungsverträgen der gesetzlichen Krankenkassen</em><em style="font-size: 16px; font-family: &quot;Open Sans&quot;; color: rgb(0, 101, 170);"><br>•&nbsp;</em>
                      <em
                        style="color: rgb(0, 101, 170);">Möglichkeiten und Grenzen einer Sektorenübergreifenden Patientenversorgung</em><em style="font-size: 16px; font-family: &quot;Open Sans&quot;; color: rgb(0, 101, 170);"><br>•&nbsp;</em><em style="color: rgb(0, 101, 170);">Kooperationsmodelle zwischen zertifizierten Darmkrebszentren und Homecare-Unternehmen</em></p>
                    <p><span style="color: rgb(0, 101, 170);"> </span></p>
                    <p><span style="color: rgb(0, 101, 170);">Aufgaben der Pflegeexperten in der Therapie und Pflege von Menschen mit Wundheilungsstörungen</span></p>
                    <p><span style="color: rgb(0, 101, 170);"> </span></p>
                    <p><span style="color: rgb(0, 101, 170);">Ganzheitliche Rehabilitation stomabetroffener Menschen durch moderne Stomatherapie in Klinik und Nachsorge</span></p>
                    <p><span style="color: rgb(0, 101, 170);"> </span></p>
                    <p><span style="color: rgb(0, 101, 170);">Bedarfsorientierte Pflege und Versorgung von Menschen mit Kontinenzstörungen</span></p>
                  </div>
                </div>
              </div>
            </div>
          </div>
          <div class="h-column h-column-container d-flex h-col-lg-auto h-col-md-auto h-col-auto style-573-outer style-local-1721-c13-outer">
            <div data-colibri-id="1721-c13" class="d-flex h-flex-basis h-column__inner h-px-lg-2 h-px-md-2 h-px-2 v-inner-lg-2 v-inner-md-2 v-inner-2 style-573 style-local-1721-c13 position-relative">
              <!---->
              <!---->
              <div class="w-100 h-y-container h-column__content h-column__v-align flex-basis-100 align-self-lg-start align-self-md-start align-self-start">
                <!---->
                <div data-colibri-id="1721-c14" class="d-block style-578 style-local-1721-c14 position-relative h-element">
                  <!---->
                  <div class="h-image__frame-container-outer">
                    <div class="h-image__frame-container">
                      <!---->
                      <!---->
                      <img loading="lazy" decoding="async" width="180" height="252" src="https://www.pflegeexperten-wissen.de/wp-content/uploads/2020/09/Brigitte_klein.jpeg" class="wp-image-1465 style-578-image style-local-1721-c14-image" alt="" />
                      <div class="h-image__frame h-hide-lg h-hide-md h-hide-sm style-578-frameImage style-local-1721-c14-frameImage"></div>
                    </div>
                  </div>
                </div>
                <div data-colibri-id="1721-c15" class="h-text h-text-component style-580 style-local-1721-c15 position-relative h-element">
                  <!---->
                  <!---->
                  <div class="">
                    <p><span style="font-weight: 600; color: rgb(0, 101, 170);">BRIGITTE LINDHOLZ</span></p>
                    <p><span style="color: rgb(0, 101, 170);">Themenbereiche</span></p>
                    <p><em style="color: rgb(0, 101, 170);">•&nbsp;Hygiene in Einrichtungen der Pflege<br>•&nbsp;Kontinenzförderung<br>•&nbsp;Wundversorgung<br>•&nbsp;Hautpflege<br>•&nbsp;Umsetzung der Nationalen Expertenstandards<br>•&nbsp;Kontrakturenprophylaxe<br>•&nbsp;Schmerzmanagement<br>•&nbsp;Schüleranleitung und Qualifizierung der Praxisanleiter, Praxisanleiter-Refresher<br>•&nbsp;Weitere Pflegethemen auf Anfrage</em></p>
                    <p><span style="color: rgb(0, 101, 170);">Erstellung von Hygienekonzepten für Einrichtungen der Altenpflege</span></p>
                    <p><span style="color: rgb(0, 101, 170);">Redaktionelle Betreuung von Fachzeitschriften</span></p>
                    <p><span style="color: rgb(0, 101, 170);">Veröffentlichung von Fachbeiträgen in Fachmagazinen und Büchern</span></p>
                    <p><span style="color: rgb(0, 101, 170);">Stressprävention durch Achtsamkeit – MBSR nach Jon Kabat-Zinn (</span>
                      <a href="https://www.my-auszeit.net" target="_blank" style="color: rgb(0, 101, 170);" class="customize-unpreviewable" rel="noopener noreferrer">my-auszeit.net</a><span style="color: rgb(0, 101, 170);">)</span></p>
                    <p><em style="color: rgb(0, 101, 170); font-size: 16px; font-family: &quot;Open Sans&quot;;">•&nbsp;</em><span style="color: rgb(0, 101, 170);">Yogakurse</span><em style="color: rgb(0, 101, 170); font-size: 16px; font-family: &quot;Open Sans&quot;;"><br>•&nbsp;</em>
                      <span
                        style="color: rgb(0, 101, 170);">8-Wochen-Kurs</span><em style="color: rgb(0, 101, 170); font-size: 16px; font-family: &quot;Open Sans&quot;;"><br>•&nbsp;</em><span style="color: rgb(0, 101, 170);">Achtsamkeitstage</span></p>
                  </div>
                </div>
              </div>
            </div>
          </div>
        </div>
      </div>
    </div>
  </div>
</div>

<p>SEMINARE UND DIENSTLEISTUNGEN Wir sind Beide als freiberufliche und selbständige Berater und Dozenten tätig. Unser Angebot umfasst Fachvorträge, Tagesschulungen und mehrtägige Seminare in unseren Themenbereichen. Wir sind als Berater in der Gestaltung und Entwicklung von Projekten tätig. WERNER DROSTE&nbsp; Aktuelle Anforderungen des Gesundheitsmarktes für Pflegeexperten in der ambulanten und stationären Hilfsmittelversorgung • Personelle, strukturelle und [&hellip;]</p>
